r of 5 and o.
5
Let n(p) = -p**3 + 7*p**2 - 5*p - 5. Let w be n(6). What is the highest common divisor of w and 7?
1
Suppose 0 = -0*c + c - 76. What is the greatest common divisor of 190 and c?
38
Let b(k) = 76*k + 2. Let i be b(2). Let v = i - 64. What is the highest common factor of v and 18?
18
Let s = 86 + -51. Suppose -5*f - 75 = -5*d - 10*f, d - f = 13. What is the highest common divisor of d and s?
7
Let d be (1 - (0 - -1))*1. Let k = 1 - d. Calculate the greatest common divisor of k and 2.
1
Suppose 7*f - 2*f - 10 = -5*x, 5*x = -f + 14. Suppose -30 = -6*o + x*o. Suppose -2*k = k - 90. Calculate the highest common factor of o and k.
10
Suppose 0 = -10*x + 6*x + 24. Calculate the greatest common divisor of x and 48.
6
Suppose -2*d + 2*p = -8, p - 12 = -2*d - p. Suppose m = d*m - 172. Suppose 5*r - 7 = m. Calculate the highest common divisor of 30 and r.
10
Let f = -28 - -29. Let v be (-5)/30 + (-57)/(-18). What is the highest common divisor of f and v?
1
Suppose -4*b + 3*i + 28 = -77, 0 = -5*b - 2*i + 160. Let k be 15*(-2 - (-2 + 1 + -2)). What is the highest common divisor of b and k?
15
Suppose y + 2*y - 30 = 0. Let f(v) = -v**3 - v**2 - 2. Let d be f(-2). Calculate the greatest common factor of d and y.
2
Let j = 91 - 58. Calculate the highest common divisor of 11 and j.
11
Let t be 2/(-7) + 114/7. Let j(v) = -14*v + 2. Let f be j(-9). Calculate the highest common divisor of f and t.
16
Let w = -18 + 29. What is the greatest common divisor of w and 121?
11
Let a(b) = b - 4. Let h be a(4). Suppose h = 4*p - 112 + 36. Suppose -21 + 2 = -s. What is the highest common divisor of p and s?
19
Let q be ((-2)/5)/(4/360). Let l = q + 121. What is the highest common divisor of l and 17?
17
Let s(t) = t**3 + 5*t**2 + 7*t + 4. Let a be s(-2). Suppose x - 11 = -4*n, x - 3*n + n + 1 = 0. Calculate the highest common divisor of x and a.
1
Let d = -38 - -56. What is the highest common factor of d and 45?
9
Suppose -3 - 3 = 3*z. Let l(j) = -5*j**3 - 2*j**2 + 2*j + 2. Let x be l(z). Suppose -x = -2*k - k. Calculate the highest common divisor of k and 10.
10
Let m(p) = 2*p - 7. Let u be m(12). What is the greatest common factor of 34 and u?
17
Let m(v) = -2*v**3 + 4*v**2 + 2*v - 1. Let t be m(-2). Suppose 432 = 17*n - 13*n. Calculate the greatest common divisor of n and t.
27
Let z(g) = -3*g + 9. Let y(d) = -10*d + 27. Let k(s) = -2*y(s) + 7*z(s). Let v be k(0). Suppose 128 = 15*h - 142. What is the highest common divisor of v and h?
9
Suppose -3*s - 26 = -5*s. Calculate the highest common divisor of 13 and s.
13
Let t = 3 - -5. Let k(i) = -i + 6. Let o be k(t). Let l(u) = 11*u**2 - 2*u - 3. Let w be l(o). What is the highest common divisor of 18 and w?
9
Let w(j) = 10*j + 8. Let q(t) = -4*t - 3. Let h(z) = -12*q(z) - 5*w(z). Let s be h(-8). What is the greatest common divisor of 3 and s?
3
Suppose 3*w = 5*w - 4. Suppose 4*v - 5*v + w = 0. Suppose -3*g + 79 = 2*q + 19, -2*q - 50 = -v*g. Calculate the highest common divisor of 198 and g.
22
Let h be 1*(-1)/(1/(-2)). Suppose -2*r + 1044 = h*r. Let d = r + -165. What is the greatest common divisor of d and 12?
12
Let k be (-210)/8*(-29 - 3). Suppose -2*a - k = -7*a. Let p be (-20)/(-6)*a/10. Calculate the highest common factor of p and 7.
7
Let i = -34 + 53. Suppose -199 + i = -4*a. Let n = 209 - 204. Calculate the highest common factor of n and a.
5
Suppose -y - 2*z + 4 = 0, -6*y + 46 = -2*y - 2*z. Calculate the highest common factor of 50 and y.
10
Let k be (24/10)/((-38)/(-95)). Calculate the highest common factor of k and 42.
6
Suppose 497 = 3*w - 178. Suppose -5*j + 3*p + 131 = 0, 4*p = -40*j + 38*j + 42. Calculate the highest common factor of j and w.
25
Let d(b) = b**2 + 7*b + 10. Let y be d(-6). What is the highest common divisor of y and 8?
4
Suppose -605 = -5*f - 0*f. Let n = -61 + f. Let l(j) = 2*j**2 - 3*j - 3. Let t be l(-3). Calculate the highest common factor of t and n.
12
Let k be (36/42)/((-1)/(-7)). Suppose 2*r - 10 = r + 2*w, -5*r = -w - 50. Let v = r - 7. What is the highest common divisor of k and v?
3
Suppose 29 + 15 = 4*y. Suppose -r = 4*b - y, 62 + 20 = 4*r - 3*b. Let d be -2 - (-3)/(6/422). What is the highest common factor of r and d?
19
Let b(q) = 2*q**2 - q + 11. Let o be b(5). Calculate the greatest common divisor of 7 and o.
7
Let r be (-4)/12*3 + 8/1. Calculate the highest common divisor of 77 and r.
7
Let o be 1007/4 + 5/(-80)*-4. Let v be (-508)/(-18) - 4/18. Calculate the highest common factor of o and v.
28
Suppose -15*g + 75 = -10*g. What is the greatest common divisor of 45 and g?
15
Suppose -168 = -k - 2*y, k - 3*y = -0*y + 168. Suppose 0 = 12*l - 13*l + 21. What is the greatest common divisor of k and l?
21
Let a = 134 - 70. Let w = a + -29. What is the highest common factor of w and 14?
7
Let x = 90 - 18. Suppose -44*b - 84 = -51*b. What is the highest common divisor of x and b?
12
Let r = 10 + -5. What is the highest common divisor of 55 and r?
5
Suppose -4*r + 20 = -156. Let v = -13 + 33. Suppose -2*b = -4*u + r, -4*b = -2*u - 2*b + v. Calculate the greatest common divisor of 108 and u.
12
Let z be ((-155)/(-75) + (-4)/10)*18. Calculate the greatest common divisor of 270 and z.
30
Let h(q) = 3*q - 10. Suppose -3*z = -z - 18. Let t be h(z). Suppose -4*g - 5*u = g - 100, g = -2*u + 23. What is the highest common divisor of g and t?
17
Let v(n) = 36*n. Let f be v(5). Let i = 30 - 10. What is the highest common divisor of f and i?
20
Let y be 127/2*(1 - -1). Let h = y - 57. Calculate the highest common divisor of h and 14.
14
Let p(w) = -w**2 + 4*w + 16. Let c be p(5). Calculate the highest common factor of 1 and c.
1
Let v = -4 - -8. Suppose v*c = 243 + 93. Let f(i) = -i**2 - 8*i + 5. Let x be f(-7). Calculate the highest common factor of c and x.
12
Suppose w = -g + 5*g - 20, 0 = -2*w. Calculate the highest common factor of g and 110.
5
Let a(d) = -2*d**3 + d**2 + 2*d - 1. Let w be a(-2). What is the highest common factor of w and 3?
3
Suppose 0 = 4*w + 5*x - 5 + 1, 0 = x. Let y be (23 - (0 + w)) + 0. Calculate the greatest common divisor of y and 2.
2
Let t(v) = -v**3 - 4*v**2 - 3*v + 4. Let y be t(-3). Calculate the highest common factor of y and 10.
2
Let r(l) = 99*l**3 - l**2 + 2*l - 1. Let i be r(1). Calculate the highest common factor of i and 9.
9
Suppose -r + 57 + 10 = 0. Let l be ((-57)/(-12))/(1/4). Suppose 2*i - l = -b + 24, -4*b + r = 3*i. What is the highest common divisor of i and 7?
7
Suppose -x + 2*s - 98 = -3*x, 5*s = -3*x + 147. Suppose -4*y = -3*d - x, 5*y + 4*d - 17 = 52. What is the greatest common divisor of y and 104?
13
Suppose -4*s = -0*s - 8. Calculate the greatest common factor of 6 and s.
2
Let r = 6 - 5. Let p be 1 + 443 - -1*r. Suppose 5*f = p + 160. Calculate the greatest common factor of 11 and f.
11
Suppose -2*f + 332 = 2*s, f + s = -2*f + 488. Let i = 280 - f. Calculate the greatest common divisor of i and 17.
17
Let b(v) = -5*v. Let g be b(-6). Let t be ((-2)/5)/(3/(-15)). Suppose -c = 5*r - 51, 2*r + t*c - 21 = 1. Calculate the greatest common factor of g and r.
10
Let r(g) = 2*g**2 - 4*g - 1. Let f be r(3). Suppose -5*t - 3*s + 878 = 0, 4*s = 4 - 0. Suppose t = 3*q + 2*q. Calculate the highest common factor of f and q.
5
Let a be -9*(32/(-36) - (-2)/9). Calculate the highest common factor of 15 and a.
3
Let j be (1*-314)/(-2) + -3. Calculate the highest common divisor of j and 22.
22
Let y(x) = -x**2 + 10*x - 7. Let o be y(5). What is the greatest common divisor of o and 144?
18
Suppose h - 4*t = -2*t + 135, -t = -3*h + 405. What is the highest common divisor of 15 and h?
15
Let q = 82 - 57. Calculate the greatest common divisor of 10 and q.
5
Let g(w) = w**2 + 5*w + 2. Let t be g(-5). Let y be 48 - (2 - 4/t). Let k = 40 + -28. What is the greatest common factor of y and k?
12
Let v(z) = -z**3 + 50. Let w be v(0). Suppose -2*c + 81 = 3*c + 3*r, -w = -4*c + 5*r. Calculate the highest common factor of 75 and c.
15
Let b(m) = -34*m**3 + 2*m**2 - 2. Let a be b(-2). Let p be 3/(-9) - (-455)/(-3). Let z = a + p. What is the greatest common factor of z and 18?
18
Let f(r) = -r**2 - 12*r + 19. Let b be f(-13). Calculate the greatest common divisor of 42 and b.
6
Let v(o) = 2*o + 1. Let f be v(2). Suppose 0 = f*w + 2*d - 50, -w + 6*d